{"id":1252,"date":"2022-11-14T22:08:45","date_gmt":"2022-11-14T21:08:45","guid":{"rendered":"http:\/\/hkkfundacja.org.pl\/?page_id=1252"},"modified":"2022-11-20T14:31:09","modified_gmt":"2022-11-20T13:31:09","slug":"o-nas","status":"publish","type":"page","link":"http:\/\/hkkfundacja.org.pl\/?page_id=1252","title":{"rendered":"O nas"},"content":{"rendered":"\t\t<div data-elementor-type=\"wp-page\" data-elementor-id=\"1252\" class=\"elementor elementor-1252\" data-elementor-post-type=\"page\">\n\t\t\t\t\t\t<section class=\"elementor-section elementor-top-section elementor-element elementor-element-bb536f0 elementor-section-boxed elementor-section-height-default elementor-section-height-default\" data-id=\"bb536f0\" data-element_type=\"section\" data-settings=\"{&quot;jet_parallax_layout_list&quot;:[]}\">\n\t\t\t\t\t\t<div class=\"elementor-container elementor-column-gap-default\">\n\t\t\t\t\t<div class=\"elementor-column elementor-col-100 elementor-top-column elementor-element elementor-element-28863f3\" data-id=\"28863f3\" data-element_type=\"column\">\n\t\t\t<div class=\"elementor-widget-wrap elementor-element-populated\">\n\t\t\t\t\t\t<div class=\"elementor-element elementor-element-5aaba5e elementor-widget__width-auto elementor-widget-mobile__width-inherit elementor-widget elementor-widget-text-editor\" data-id=\"5aaba5e\" data-element_type=\"widget\" data-widget_type=\"text-editor.default\">\n\t\t\t\t<div class=\"elementor-widget-container\">\n\t\t\t\t\t\t\t\t\t<h1 style=\"all: unset;\">O nas<br \/><span class=\"yel\">Nosotros<\/span><\/h1>\t\t\t\t\t\t\t\t<\/div>\n\t\t\t\t<\/div>\n\t\t\t\t<div class=\"elementor-element elementor-element-f8b8ead elementor-widget elementor-widget-text-editor\" data-id=\"f8b8ead\" data-element_type=\"widget\" data-widget_type=\"text-editor.default\">\n\t\t\t\t<div class=\"elementor-widget-container\">\n\t\t\t\t\t\t\t\t\t<p>Mimo, \u017ce fundacja zosta\u0142a stworzona przez jedn\u0105 osob\u0119, to tak naprawd\u0119 skupia wok\u00f3\u0142 siebie wiele ludzi &#8211; freak\u00f3w-mi\u0142o\u015bnik\u00f3w hiszpa\u0144skiej kultury!<\/p><p><i>&#8217;Zak\u0142adaj\u0105c fundacj\u0119 Hiszpa\u0144ski Konsulat Kultury przy\u015bwieca\u0142 mi jeden cel &#8211; ch\u0119\u0107 podzielenia si\u0119 z innymi przyjemno\u015bci\u0105, jak\u0105 czerpi\u0119 z obcowania z jak\u017ce bogat\u0105 kultur\u0105 hiszpa\u0144sk\u0105, kt\u00f3r\u0105 do\u015bwiadczam poprzez : wyraziste kolory w obrazach Miro czy filmach Almodovara, literackie w\u0119dr\u00f3wki z Reverte, Falconesem czy Zafonem, przeszywaj\u0105cy g\u0142os Silvii Perez Cruz, wiersze Federico Garcia Lorca, aby wreszcie zanurzy\u0107 si\u0119 we flamenco. Je\u015bli dodamy do tego kuchni\u0119 i wino hiszpa\u0144skie to stworzy nam si\u0119 bogaty wachlarz &#8211; hiszpa\u0144skie abanico, pe\u0142ne ekspresji, pasji, s\u0142\u00f3w, d\u017awi\u0119k\u00f3w, aromat\u00f3w, a przede wszystkim stale \u015bwiec\u0105cego s\u0142o\u0144ca.\u00a0<\/i><i style=\"letter-spacing: 0px;\">O tym jest ta fundacja!&#8217;<\/i><\/p><p><i>Agnieszka Przykl\u0119k, za\u0142o\u017cycielka<\/i><\/p>\t\t\t\t\t\t\t\t<\/div>\n\t\t\t\t<\/div>\n\t\t\t\t<div class=\"elementor-element elementor-element-062d6a8 elementor-widget elementor-widget-text-editor\" data-id=\"062d6a8\" data-element_type=\"widget\" data-widget_type=\"text-editor.default\">\n\t\t\t\t<div class=\"elementor-widget-container\">\n\t\t\t\t\t\t\t\t\t<p>Aunque la fundaci\u00f3n fue creada por una sola persona, realmente re\u00fane a muchas personas: \u00a1amantes de la cultura espa\u00f1ola!<\/p>\n<p><i>&#8217;Cuando fund\u00e9 la Fundaci\u00f3n Consulado de Cultura Espa\u00f1ola, ten\u00eda un objetivo en mente: el deseo de compartir con otros el placer que obtengo al estar en comuni\u00f3n con la rica cultura espa\u00f1ola, que experimento a trav\u00e9s de: colores vivos en las pinturas de Mir\u00f3 o las pel\u00edculas de Almod\u00f3var, viajes literarios con Reverte, Falcones o Zaf\u00f3n, la voz desgarradora de Silvia P\u00e9rez Cruz, poemas de Federico Garc\u00eda Lorca, y finalmente al sumergirme con el flamenco. Si le sumamos la cocina espa\u00f1ola y el vino, crearemos una rica gama &#8211; un abanico espa\u00f1ol, lleno de expresi\u00f3n, pasi\u00f3n, palabras, sonidos, aromas y, sobre todo, el sol que brilla constantemente. \u00a1De eso se trata esta fundaci\u00f3n!&#8217;<br>Agnieszka Przykl\u0119k, fundadora<\/i><\/p>\t\t\t\t\t\t\t\t<\/div>\n\t\t\t\t<\/div>\n\t\t\t\t\t<\/div>\n\t\t<\/div>\n\t\t\t\t\t<\/div>\n\t\t<\/section>\n\t\t\t\t<\/div>\n\t\t","protected":false},"excerpt":{"rendered":"<p>O nasNosotros Mimo, \u017ce fundacja zosta\u0142a stworzona przez jedn\u0105 osob\u0119, to tak naprawd\u0119 skupia wok\u00f3\u0142 siebie wiele ludzi &#8211; freak\u00f3w-mi\u0142o\u015bnik\u00f3w hiszpa\u0144skiej kultury! &#8217;Zak\u0142adaj\u0105c fundacj\u0119 Hiszpa\u0144ski Konsulat Kultury przy\u015bwieca\u0142 mi jeden cel &#8211; ch\u0119\u0107 podzielenia si\u0119 z innymi przyjemno\u015bci\u0105, jak\u0105 czerpi\u0119 z obcowania z jak\u017ce bogat\u0105 kultur\u0105 hiszpa\u0144sk\u0105, kt\u00f3r\u0105 do\u015bwiadczam poprzez : wyraziste kolory w obrazach [&hellip;]<\/p>\n","protected":false},"author":1,"featured_media":0,"parent":0,"menu_order":0,"comment_status":"closed","ping_status":"closed","template":"elementor_header_footer","meta":{"footnotes":""},"class_list":["post-1252","page","type-page","status-publish","hentry"],"_links":{"self":[{"href":"http:\/\/hkkfundacja.org.pl\/index.php?rest_route=\/wp\/v2\/pages\/1252","targetHints":{"allow":["GET"]}}],"collection":[{"href":"http:\/\/hkkfundacja.org.pl\/index.php?rest_route=\/wp\/v2\/pages"}],"about":[{"href":"http:\/\/hkkfundacja.org.pl\/index.php?rest_route=\/wp\/v2\/types\/page"}],"author":[{"embeddable":true,"href":"http:\/\/hkkfundacja.org.pl\/index.php?rest_route=\/wp\/v2\/users\/1"}],"replies":[{"embeddable":true,"href":"http:\/\/hkkfundacja.org.pl\/index.php?rest_route=%2Fwp%2Fv2%2Fcomments&post=1252"}],"version-history":[{"count":67,"href":"http:\/\/hkkfundacja.org.pl\/index.php?rest_route=\/wp\/v2\/pages\/1252\/revisions"}],"predecessor-version":[{"id":1489,"href":"http:\/\/hkkfundacja.org.pl\/index.php?rest_route=\/wp\/v2\/pages\/1252\/revisions\/1489"}],"wp:attachment":[{"href":"http:\/\/hkkfundacja.org.pl\/index.php?rest_route=%2Fwp%2Fv2%2Fmedia&parent=1252"}],"curies":[{"name":"wp","href":"https:\/\/api.w.org\/{rel}","templated":true}]}}

<div data-elementor-type="wp-page" data-elementor-id="1252" class="elementor elementor-1252" data-elementor-post-type="page">
						<section class="elementor-section elementor-top-section elementor-element elementor-element-bb536f0 elementor-section-boxed elementor-section-height-default elementor-section-height-default" data-id="bb536f0" data-element_type="section" data-settings="{&quot;jet_parallax_layout_list&quot;:[]}">
						<div class="elementor-container elementor-column-gap-default">
					<div class="elementor-column elementor-col-100 elementor-top-column elementor-element elementor-element-28863f3" data-id="28863f3" data-element_type="column">
			<div class="elementor-widget-wrap elementor-element-populated">
						<div class="elementor-element elementor-element-5aaba5e elementor-widget__width-auto elementor-widget-mobile__width-inherit elementor-widget elementor-widget-text-editor" data-id="5aaba5e" data-element_type="widget" data-widget_type="text-editor.default">
				<div class="elementor-widget-container">
									<h1 style="all: unset;">O nas<br /><span class="yel">Nosotros</span></h1>								</div>
				</div>
				<div class="elementor-element elementor-element-f8b8ead elementor-widget elementor-widget-text-editor" data-id="f8b8ead" data-element_type="widget" data-widget_type="text-editor.default">
				<div class="elementor-widget-container">
									<p>Mimo, że fundacja została stworzona przez jedną osobę, to tak naprawdę skupia wokół siebie wiele ludzi &#8211; freaków-miłośników hiszpańskiej kultury!</p><p><i>&#8217;Zakładając fundację Hiszpański Konsulat Kultury przyświecał mi jeden cel &#8211; chęć podzielenia się z innymi przyjemnością, jaką czerpię z obcowania z jakże bogatą kulturą hiszpańską, którą doświadczam poprzez : wyraziste kolory w obrazach Miro czy filmach Almodovara, literackie wędrówki z Reverte, Falconesem czy Zafonem, przeszywający głos Silvii Perez Cruz, wiersze Federico Garcia Lorca, aby wreszcie zanurzyć się we flamenco. Jeśli dodamy do tego kuchnię i wino hiszpańskie to stworzy nam się bogaty wachlarz &#8211; hiszpańskie abanico, pełne ekspresji, pasji, słów, dźwięków, aromatów, a przede wszystkim stale świecącego słońca. </i><i style="letter-spacing: 0px;">O tym jest ta fundacja!&#8217;</i></p><p><i>Agnieszka Przyklęk, założycielka</i></p>								</div>
				</div>
				<div class="elementor-element elementor-element-062d6a8 elementor-widget elementor-widget-text-editor" data-id="062d6a8" data-element_type="widget" data-widget_type="text-editor.default">
				<div class="elementor-widget-container">
									<p>Aunque la fundación fue creada por una sola persona, realmente reúne a muchas personas: ¡amantes de la cultura española!</p>
<p><i>&#8217;Cuando fundé la Fundación Consulado de Cultura Española, tenía un objetivo en mente: el deseo de compartir con otros el placer que obtengo al estar en comunión con la rica cultura española, que experimento a través de: colores vivos en las pinturas de Miró o las películas de Almodóvar, viajes literarios con Reverte, Falcones o Zafón, la voz desgarradora de Silvia Pérez Cruz, poemas de Federico García Lorca, y finalmente al sumergirme con el flamenco. Si le sumamos la cocina española y el vino, crearemos una rica gama &#8211; un abanico español, lleno de expresión, pasión, palabras, sonidos, aromas y, sobre todo, el sol que brilla constantemente. ¡De eso se trata esta fundación!&#8217;<br>Agnieszka Przyklęk, fundadora</i></p>								</div>
				</div>
					</div>
		</div>
					</div>
		</section>
				</div>

<p>O nasNosotros Mimo, że fundacja została stworzona przez jedną osobę, to tak naprawdę skupia wokół siebie wiele ludzi &#8211; freaków-miłośników hiszpańskiej kultury! &#8217;Zakładając fundację Hiszpański Konsulat Kultury przyświecał mi jeden cel &#8211; chęć podzielenia się z innymi przyjemnością, jaką czerpię z obcowania z jakże bogatą kulturą hiszpańską, którą doświadczam poprzez : wyraziste kolory w obrazach [&hellip;]</p>
